t the prime factors of 76282.
2, 43, 887
List the prime factors of 19014.
2, 3, 3169
List the prime factors of 1987.
1987
List the prime factors of 2906.
2, 1453
What are the prime factors of 901?
17, 53
List the prime factors of 59212.
2, 113, 131
List the prime factors of 1679.
23, 73
List the prime factors of 2315.
5, 463
What are the prime factors of 72091?
72091
List the prime factors of 5585.
5, 1117
What are the prime factors of 7103?
7103
What are the prime factors of 4593?
3, 1531
List the prime factors of 126869.
293, 433
List the prime factors of 895.
5, 179
List the prime factors of 22255.
5, 4451
List the prime factors of 22337.
7, 3191
What are the prime factors of 31963?
31963
What are the prime factors of 4350?
2, 3, 5, 29
What are the prime factors of 17947?
131, 137
List the prime factors of 7052.
2, 41, 43
List the prime factors of 171.
3, 19
List the prime factors of 2267.
2267
List the prime factors of 73.
73
List the prime factors of 185.
5, 37
List the prime factors of 292.
2, 73
List the prime factors of 11801.
11801
List the prime factors of 4694.
2, 2347
List the prime factors of 2843.
2843
What are the prime factors of 5146?
2, 31, 83
What are the prime factors of 5?
5
List the prime factors of 869.
11, 79
What are the prime factors of 17232?
2, 3, 359
What are the prime factors of 147?
3, 7
List the prime factors of 282.
2, 3, 47
List the prime factors of 132474.
2, 3, 22079
What are the prime factors of 1991?
11, 181
What are the prime factors of 1591?
37, 43
List the prime factors of 3379.
31, 109
What are the prime factors of 18065?
5, 3613
What are the prime factors of 13047?
3, 4349
What are the prime factors of 8077?
41, 197
What are the prime factors of 779?
19, 41
List the prime factors of 138.
2, 3, 23
List the prime factors of 12081.
3, 4027
What are the prime factors of 3254?
2, 1627
What are the prime factors of 14876?
2, 3719
List the prime factors of 23033.
31, 743
What are the prime factors of 33562?
2, 97, 173
List the prime factors of 962.
2, 13, 37
What are the prime factors of 3189?
3, 1063
List the prime factors of 1179.
3, 131
List the prime factors of 1528.
2, 191
List the prime factors of 2443.
7, 349
What are the prime factors of 36790?
2, 5, 13, 283
What are the prime factors of 6596?
2, 17, 97
What are the prime factors of 888?
2, 3, 37
List the prime factors of 20628.
2, 3, 191
What are the prime factors of 4311?
3, 479
What are the prime factors of 1040?
2, 5, 13
What are the prime factors of 10197?
3, 11, 103
List the prime factors of 3908.
2, 977
List the prime factors of 640.
2, 5
List the prime factors of 6163.
6163
List the prime factors of 35692.
2, 8923
List the prime factors of 17201.
103, 167
List the prime factors of 98.
2, 7
List the prime factors of 2825.
5, 113
List the prime factors of 32730.
2, 3, 5, 1091
List the prime factors of 1321.
1321
What are the prime factors of 28025?
5, 19, 59
What are the prime factors of 4065?
3, 5, 271
What are the prime factors of 8895?
3, 5, 593
List the prime factors of 1901.
1901
What are the prime factors of 813?
3, 271
List the prime factors of 504.
2, 3, 7
List the prime factors of 190.
2, 5, 19
What are the prime factors of 1087?
1087
List the prime factors of 12149.
12149
What are the prime factors of 10315?
5, 2063
What are the prime factors of 18110?
2, 5, 1811
List the prime factors of 9846.
2, 3, 547
What are the prime factors of 123?
3, 41
What are the prime factors of 3656?
2, 457
What are the prime factors of 1576?
2, 197
List the prime factors of 24741.
3, 2749
What are the prime factors of 28721?
7, 11, 373
List the prime factors of 15144.
2, 3, 631
List the prime factors of 129128.
2, 16141
What are the prime factors of 1883?
7, 269
List the prime factors of 2949.
3, 983
List the prime factors of 46726.
2, 61, 383
List the prime factors of 12042.
2, 3, 223
List the prime factors of 2164.
2, 541
What are the prime factors of 33414?
2, 3, 5569
List the prime factors of 1155.
3, 5, 7, 11
List the prime factors of 7360.
2, 5, 23
What are the prime factors of 60351?
3, 20117
List the prime factors of 1787.
1787
What are the prime factors of 1884?
2, 3, 157
What are the prime factors of 7948?
2, 1987
List the prime factors of 26.
2, 13
List the prime factors of 32576.
2, 509
List the prime factors of 21012.
2, 3, 17, 103
What are the prime factors of 53936?
2, 3371
What are the prime factors of 337?
337
What are the prime factors of 64349?
229, 281
What are the prime factors of 840?
2, 3, 5, 7
List the prime factors of 7175.
5, 7, 41
What are the prime factors of 6369?
3, 11, 193
List the prime factors of 1866.
2, 3, 311
List the prime factors of 232.
2, 29
What are the prime factors of 10247?
10247
List the prime factors of 2200.
2, 5, 11
What are the prime factors of 13727?
7, 37, 53
List the prime factors of 1165.
5, 233
What are the prime factors of 3807?
3, 47
List the prime factors of 14617.
47, 311
List the prime factors of 427.
7, 61
What are the prime factors of 6903?
3, 13, 59
What are the prime factors of 19086?
2, 3, 3181
List the prime factors of 55053.
3, 2039
List the prime factors of 28753.
28753
List the prime factors of 5650.
2, 5, 113
What are the prime factors of 72595?
5, 14519
List the prime factors of 1986.
2, 3, 331
What are the prime factors of 26574?
2, 3, 43, 103
What are the prime factors of 1727?
11, 157
What are the prime factors of 11359?
37, 307
What are the prime factors of 16006?
2, 53, 151
What are the prime factors of 2634?
2, 3, 439
What are the prime factors of 69?
3, 23
What are the prime factors of 2641?
19, 139
What are the prime factors of 5069?
37, 137
List the prime factors of 1512.
2, 3, 7
What are the prime factors of 38088?
2, 3, 23
List the prime factors of 12653.
12653
What are the prime factors of 932?
2, 233
What are the prime factors of 4184?
2, 523
What are the prime factors of 673?
673
What are the prime factors of 2986?
2, 1493
List the prime factors of 28633.
11, 19, 137
List the prime factors of 4011.
3, 7, 191
What are the prime factors of 47620?
2, 5, 2381
What are the prime factors of 70694?
2, 13, 2719
List the prime factors of 711.
3, 79
What are the prime factors of 19987?
11, 23, 79
What are the prime factors of 250?
2, 5
What are the prime factors of 28114?
2, 14057
What are the prime factors of 3319?
3319
List the prime factors of 80954.
2, 17, 2381
List the prime factors of 1267.
7, 181
What are the prime factors of 1717?
17, 101
List the prime factors of 29101.
29101
List the prime factors of 33536.
2, 131
List the prime factors of 4497.
3, 1499
List the prime factors of 65350.
2, 5, 1307
List the prime factors of 409.
409
What are the prime factors of 4178?
2, 2089
List the prime factors of 152.
2, 19
What are the prime factors of 3478?
2, 37, 47
What are the prime factors of 63989?
61, 1049
What are the prime factors of 1598?
2, 17, 47
List the prime factors of 655.
5, 131
List the prime factors of 334.
2, 167
List the prime factors of 134753.
134753
List the prime factors of 6256.
2, 17, 23
What are the prime factors of 163?
163
What are the prime factors of 424?
2, 53
What are the prime factors of 2266?
2, 11, 103
What are the prime factors of 1662?
2, 3, 277
What are the prime factors of 2363?
17, 139
List the prime factors of 31609.
73, 433
What are the prime factors of 148?
2, 37
What are the prime factors of 167742?
2, 3, 9319
List the prime factors of 15238.
2, 19, 401
What are the prime factors of 41539?
41539
What are the prime factors of 582?
2, 3, 97
List the prime factors of 528.
2, 3, 11
What are the prime factors of 21374?
2, 10687
What are the prime factors of 3416?
2, 7, 61
List the prime factors of 19451.
53, 367
What are the prime factors of 10372?
2, 2593
What are the prime factors of 4086?
2, 3, 227
List the prime factors of 5785.
5, 13, 89
What are the prime factors of 260?
2, 5, 13
List the prime factors of 189.
3, 7
List the prime factors of 6015.
3, 5, 401
List the prime factors of 853.
853
List the prime factors of 82323.
3, 3049
What are the prime factors of 1367?
1367
List the prime factors of 12409.
12409
List the prime factors of 2279.
43, 53
List the prime factors of 4996.
2, 1249
What are the prime factors of 11988?
2, 3, 37
W